 15707. Let u be ((-4)/(-5))/(1/5). Let f be m/(-6) - u/(-12). Calculate the highest common factor of f and 17.
17
Let y be (1 + 16/(-12))*-39 - -1. Suppose 4*g - 10 - y = 0. Calculate the greatest common divisor of g and 3.
3
Let x be ((-56)/(-6))/((-2)/3). Let s(b) = -b**3 - 15*b**2 - 17*b - 11. Let m be s(x). Suppose h - 179 = -55. What is the highest common divisor of h and m?
31
Suppose -136 = 3*v + 5*g - 35, -4*g = 2*v + 68. Let z be -147*(-3 - v/12). Let r be (-6)/(-21) - (-525)/z. What is the greatest common factor of 33 and r?
11
Let o be ((-15)/(-4) - 4) + (-386)/(-8). Let t = -73 + 88. Calculate the highest common divisor of o and t.
3
Let s be -12*1*(-55)/20. Let h = 133 - 63. Suppose h = 4*l + 5*o - 62, s = l - 5*o. What is the greatest common divisor of l and 11?
11
Suppose -4*f = -5*z - 12109, -6067 = -487*f + 485*f + 5*z. Calculate the highest common divisor of 477 and f.
159
Let x = 5 + 5. Suppose 6*m - 9*i = 8*m + 49, 2*m + 29 = -5*i. Let c be 1705/x - (-1)/m. What is the greatest common factor of 10 and c?
10
Let w be ((-57)/(-6))/(3/18). Let k = 191 + -151. Let g = w - k. Calculate the highest common factor of g and 17.
17
Suppose -1486 = -5*p - 78*f + 80*f, -864 = -3*p - 8*f. Let k be ((-12)/5)/((-6)/20). Calculate the highest common factor of p and k.
8
Let i(a) = a**3 - 3*a**2 - 8*a + 6. Let h be i(5). Suppose 5*g + 3*z - 121 = 0, 3*g = -z + 36 + 31. Calculate the highest common divisor of h and g.
4
Let j be (6/4)/(3/8). Suppose 4*w - 411 = -3*d, -d = -j*w + 225 + 166. Let y = 5 + 4. What is the greatest common divisor of w and y?
9
Suppose 54*l - 13056 = 109*l - 191*l. Let q(o) = -o**2 - o + 36. Let c be q(0). Suppose -4*h = -h - c. What is the greatest common factor of l and h?
12
Let x be (-10064)/(-111) - ((-5)/15 + 0). What is the greatest common factor of 923 and x?
13
Suppose -77 = -3*g - 2*h, 13*h - 102 = -4*g + 11*h. Let k be 6408/14 - (-6)/21. Suppose 417 + k = 5*x. Calculate the highest common factor of g and x.
25
Suppose -340 = -5*n - 5*c, 4*n - n - 204 = -c. Calculate the greatest common factor of 187 and n.
17
Let l(u) = -5*u**2 - 317*u - 356. Let h be l(-57). What is the greatest common factor of 16 and h?
4
Let j be (17 - 4)*(-19 + 30). Let o = -116 + j. What is the greatest common factor of o and 360?
9
Let s be 6/(-15) - (-14)/10. Let g be s*11 - (9 + -13). Let b be g/25 + (-741)/(-15). Calculate the greatest common factor of b and 10.
10
Suppose 3*l + 15*l - 1134 = 0. Suppose -2*u - a + 47 = 0, -a = -3*u - 0*a + l. Let x be (-3)/2*4/(-3). What is the highest common factor of x and u?
2
Let g(z) = 2*z**2 - 18*z + 20. Let m be g(10). Let a = m + -23. Calculate the greatest common divisor of a and 136.
17
Suppose 2*d - 5*v - 98 = 0, -5*d - 5*v = -7*v - 245. What is the highest common divisor of 2401 and d?
49
Let y be (3 + (-76)/12)/((-2)/42). Let p(n) = -n**3 + 11*n**2 - 2*n + 32. Let k be p(11). What is the highest common divisor of k and y?
10
Let z(y) = -y**3 - 8*y**2 + y. Let x be z(-8). Let k(s) = -2*s - 16. Let w be k(x). Suppose -4*a + w*a = -96. What is the greatest common factor of 168 and a?
24
Let l = -875 + 527. Let n = -244 - l. Calculate the greatest common factor of 39 and n.
13
Let w(j) = j**3 + 7*j**2 + 2*j - 3. Let n be w(-5). Suppose 3*u - 23 - n = 0. Let g be 36*-5*(58 + -20 + -39). Calculate the highest common divisor of u and g.
20
Let d = -276 + 85. Let s = 208 + d. What is the highest common factor of 323 and s?
17
Let g(l) = -l**3 - 14*l**2 - 18*l - 10. Suppose 5*w + 104 = -3*w. Let o be g(w). What is the highest common divisor of o and 11?
11
Suppose -3*q + 91 + 175 = -2*f, -3*q + 296 = 4*f. Suppose 0 = 4*j - 2*j - 70. Let x = -12 + j. Calculate the greatest common divisor of q and x.
23
Suppose y = -2*g + 13, 65 = -g + 6*g - 4*y. Suppose -g*f = 36 + 63. Let d = 24 + f. Calculate the highest common factor of 65 and d.
13
Let f be (1/2)/(2/264). Let a = -4410 + 4414. Let v be (f/(-9))/(a/(-6)). Calculate the highest common divisor of 121 and v.
11
Suppose 0 = -5*v + z - 505, -2*v + 4*z = -43 + 263. Let h be 6*-2*(-10)/(-3). Let r = h - v. What is the greatest common factor of 15 and r?
15
Suppose 0 = 3*v + v - 512. Let i be (-4)/(-10) - 146/(-10). Suppose 0 = 4*a - 143 + i. Calculate the highest common divisor of v and a.
32
Let t = 30 - 10. Let j be (-1*(-56)/(-35))/((-2)/t). Calculate the highest common factor of j and 72.
8
Let a be 22/9*(53 + -44). Let y be ((-4)/3)/((-2)/3). Suppose -59 - 7 = -y*i. What is the greatest common divisor of a and i?
11
Let q(u) = -u**3 - 7*u**2 - 5*u + 14. Let o be q(-2). Calculate the highest common factor of o and 10204.
4
Let x be 5*345/525*7. What is the highest common factor of x and 8303?
23
Let u(z) = -z**3 - 18*z**2 - 2*z + 62. Let s be u(-18). Suppose -97*o - 23 = -s*o. Let r = -110 - -294. Calculate the greatest common factor of o and r.
23
Suppose 0 = -2*b - 2*m + 1306, -2*b + m + 1309 = 4*m. Calculate the greatest common divisor of 104 and b.
26
Let w = 5 - 2. Let m be 6/(-1)*(-6)/72*-6 - -3. Suppose -18 + m = -w*g. What is the highest common factor of 48 and g?
6
Suppose -5*a + 21 = t, -242*a + 247*a - 13 = -3*t. Let l be (0*(-1)/(-2))/(-2). Suppose -r - a*r + 180 = l. What is the greatest common factor of r and 15?
15
Let o = 842 + -1007. Let b be 4/(-12)*o - 7. What is the highest common factor of b and 272?
16
Let m = 4888 + -3973. Calculate the highest common divisor of m and 14030.
305
Suppose 9*u - 56*u = 40*u - 2784. Calculate the highest common divisor of u and 8160.
32
Suppose 5*h = -d + 227, -3*d + 129 = 123. What is the greatest common factor of 795 and h?
15
Let m(d) = -3*d**3 - 71*d**2 - 86*d - 48. Let y be m(-25). What is the highest common divisor of 885 and y?
177
Let r(v) = -v**3 - 9*v**2 - 3*v - 5. Suppose -8 = -5*q + 7, 0 = 2*t - 5*q + 33. Let i be r(t). Calculate the greatest common factor of 484 and i.
22
Let d be (-10)/(3*(-15)/18). Suppose 0 = -2*k - 5*o + 26, -2*k + 2 + 6 = -d*o. Calculate the greatest common factor of k and 3.
1
Let b(o) = -o + 30. Let q be (-4 + (-44)/(-3))*(-18)/(-8). Let a be b(q). Let g be 4/a - 2328/(-18). What is the greatest common divisor of 26 and g?
26
Let f be (-4098)/(-8) - (-7)/(-28). Suppose -40 - 120 = -5*t. What is the highest common factor of f and t?
32
Let s = -1 + 1. Suppose -2*h = -s*g - 2*g + 24, -g + 3*h = -16. Let m(t) = 30*t - 86. Let n be m(3). Calculate the highest common divisor of g and n.
2
Suppose -10*m + 1238 - 298 = 0. Suppose -128 = -2*q - m. Let i be 442*(3/(-2) + 2). Calculate the greatest common divisor of q and i.
17
Suppose -2*c + 36 = 34*h - 29*h, -3*h + 4 = -c. Calculate the greatest common divisor of c and 1492.
4
Suppose -6980 - 83540 = -40*s. Calculate the highest common factor of 31 and s.
31
Let d(m) = -14*m - 1. Let x be d(-1). Let k = 224 - 217. Suppose 0 = -k*g + 6*g + 104. Calculate the greatest common factor of g and x.
13
Let r(v) = -8*v + 6*v**2 + 2 - 2*v**2 + 4*v. Let d be r(2). Let w(y) = 7*y - 68. Let q be w(d). Calculate the greatest common divisor of q and 16.
2
Let o(r) = 7*r**2 - 16*r + 59. Let g be o(4). What is the highest common factor of 5243 and g?
107
Let g be 3/(9/35083) - (966/63 - 14). Calculate the greatest common divisor of 11 and g.
11
Let w = 171 - 150. Suppose 59 - w = 19*v. What is the highest common factor of v and 74?
2
Let f be (9/(-1) - 2)*-12. Let s = -11729 + 11753. Calculate the highest common factor of s and f.
12
Let c(q) = q**3 + 3*q**2 - 23*q - 25. Let b be c(-9). Let a = 310 + b. Calculate the highest common factor of 138 and a.
6
Let w = -2876 + 2878. Let a be ((-4)/(-4))/((-1)/(-1)). Let p be (a + 1)/2*5. What is the greatest common divisor of w and p?
1
Let s = -35899 - -85027. What is the highest common divisor of s and 276?
276
Let l be 671 - -50 - (-1)/(2/12). Suppose 29*o = -l + 2467. Calculate the highest common factor of 75 and o.
15
Let b be 30*(144/(-30) + 4)*(-24)/9. What is the highest common divisor of 320 and b?
64
Suppose -1624 = -2*o - 46*o - 184. Let t(b) = -3*b + 3. Let m be t(-9). Calculate the greatest common factor of m and o.
30
Suppose 0 = 2*j + 2*w - 78, 2*j + 3*j + 3*w = 191. Let d = j + -37. Suppose -4*o + 471 - 11 = d. Calculate the greatest common divisor of o and 46.
23